emainder when 4228 is divided by 2109.
10
Calculate the remainder when 764863 is divided by 32.
31
Calculate the remainder when 662567 is divided by 228.
227
Calculate the remainder when 746358 is divided by 17770.
18
What is the remainder when 1686 is divided by 284?
266
Calculate the remainder when 186349 is divided by 13310.
9
What is the remainder when 14558 is divided by 79?
22
Calculate the remainder when 425688 is divided by 555.
3
Calculate the remainder when 402272 is divided by 951.
950
What is the remainder when 35630 is divided by 1956?
422
What is the remainder when 9069 is divided by 72?
69
Calculate the remainder when 97258 is divided by 12.
10
What is the remainder when 9650 is divided by 113?
45
Calculate the remainder when 1677 is divided by 5.
2
What is the remainder when 275098 is divided by 30?
28
Calculate the remainder when 5205 is divided by 237.
228
What is the remainder when 2036 is divided by 632?
140
What is the remainder when 770393 is divided by 200?
193
Calculate the remainder when 18381 is divided by 12.
9
Calculate the remainder when 197 is divided by 98.
1
Calculate the remainder when 92 is divided by 81.
11
Calculate the remainder when 963 is divided by 229.
47
What is the remainder when 25246 is divided by 57?
52
Calculate the remainder when 2880 is divided by 435.
270
What is the remainder when 223028 is divided by 74338?
14
What is the remainder when 27436 is divided by 13703?
30
What is the remainder when 2871 is divided by 1817?
1054
Calculate the remainder when 20140 is divided by 801.
115
Calculate the remainder when 53292 is divided by 87.
48
What is the remainder when 3589 is divided by 598?
1
What is the remainder when 21155 is divided by 264?
35
What is the remainder when 6186 is divided by 28?
26
What is the remainder when 16887 is divided by 46?
5
What is the remainder when 6114 is divided by 1475?
214
Calculate the remainder when 8449739 is divided by 785.
784
What is the remainder when 106489 is divided by 230?
229
What is the remainder when 5662 is divided by 22?
8
What is the remainder when 276836 is divided by 361?
310
Calculate the remainder when 36125 is divided by 299.
245
What is the remainder when 72244 is divided by 963?
19
Calculate the remainder when 6078 is divided by 105.
93
Calculate the remainder when 125342 is divided by 4.
2
What is the remainder when 66318 is divided by 335?
323
Calculate the remainder when 15266 is divided by 293.
30
What is the remainder when 69093 is divided by 8?
5
What is the remainder when 53247 is divided by 17734?
45
Calculate the remainder when 68874 is divided by 218.
204
Calculate the remainder when 31962 is divided by 10654.
0
Calculate the remainder when 88138 is divided by 1695.
1693
Calculate the remainder when 28755 is divided by 400.
355
What is the remainder when 29933 is divided by 2718?
35
Calculate the remainder when 17657 is divided by 7.
3
Calculate the remainder when 130804 is divided by 559.
557
What is the remainder when 41585 is divided by 489?
20
Calculate the remainder when 2075 is divided by 923.
229
Calculate the remainder when 7216 is divided by 1406.
186
What is the remainder when 16742 is divided by 155?
2
What is the remainder when 105677 is divided by 11741?
8
What is the remainder when 16243 is divided by 50?
43
What is the remainder when 4817 is divided by 272?
193
What is the remainder when 124180 is divided by 6?
4
Calculate the remainder when 2961 is divided by 1015.
931
Calculate the remainder when 662 is divided by 17.
16
What is the remainder when 25581 is divided by 1424?
1373
What is the remainder when 3746 is divided by 25?
21
What is the remainder when 14995 is divided by 75?
70
Calculate the remainder when 19908 is divided by 132.
108
Calculate the remainder when 2872 is divided by 556.
92
What is the remainder when 2254 is divided by 56?
14
What is the remainder when 4191 is divided by 4181?
10
Calculate the remainder when 479320 is divided by 3.
1
Calculate the remainder when 120401 is divided by 12.
5
Calculate the remainder when 1531 is divided by 22.
13
Calculate the remainder when 3607 is divided by 82.
81
Calculate the remainder when 4188 is divided by 1388.
24
Calculate the remainder when 145747 is divided by 250.
247
What is the remainder when 4976726 is divided by 22?
18
What is the remainder when 124493 is divided by 41492?
17
Calculate the remainder when 617375 is divided by 109.
108
Calculate the remainder when 88611 is divided by 11071.
43
Calculate the remainder when 15789 is divided by 462.
81
Calculate the remainder when 60298 is divided by 60296.
2
What is the remainder when 274644 is divided by 133?
132
What is the remainder when 5028 is divided by 23?
14
Calculate the remainder when 158454 is divided by 67.
66
What is the remainder when 204039 is divided by 104?
95
Calculate the remainder when 2843 is divided by 278.
63
What is the remainder when 9171 is divided by 10?
1
Calculate the remainder when 26162 is divided by 6392.
594
What is the remainder when 133033 is divided by 319?
10
What is the remainder when 991 is divided by 190?
41
What is the remainder when 10591 is divided by 2075?
216
Calculate the remainder when 1222 is divided by 584.
54
Calculate the remainder when 2764 is divided by 6.
4
Calculate the remainder when 27482 is divided by 147.
140
What is the remainder when 10214 is divided by 57?
11
Calculate the remainder when 8876 is divided by 24.
20
What is the remainder when 717 is divided by 563?
154
What is the remainder when 274879 is divided by 823?
820
Calculate the remainder when 10848 is divided by 328.
24
Calculate the remainder when 419847 is divided by 143.
142
Calculate the remainder when 2364059 is divided by 1271.
1270
Calculate the remainder when 8849 is divided by 34.
9
What is the remainder when 2709 is divided by 1284?
141
Calculate the remainder when 2960 is divided by 980.
20
Calculate the remainder when 40474 is divided by 309.
304
Calculate the remainder when 4002 is divided by 1961.
80
Calculate the remainder when 68840 is divided by 278.
174
Calculate the remainder when 4397 is divided by 10.
7
What is the remainder when 5671 is divided by 415?
276
What is the remainder when 77818 is divided by 143?
26
Calculate the remainder when 2217 is divided by 85.
7
Calculate the remainder when 57031 is divided by 187.
183
What is the remainder when 792 is divided by 197?
4
What is the remainder when 6868358 is divided by 764?
762
What is the remainder when 2602 is divided by 204?
154
Calculate the remainder when 2175 is divided by 1687.
488
What is the remainder when 3135 is divided by 778?
23
What is the remainder when 48870 is divided by 24430?
10
What is the remainder when 7084 is divided by 427?
252
What is the remainder when 1202 is divided by 151?
145
Calculate the remainder when 4802 is divided by 4773.
29
Calculate the remainder when 58949 is divided by 2679.
11
What is the remainder when 10293 is divided by 22?
19
Calculate the remainder when 23224 is divided by 4634.
54
What is the remainder when 132418 is divided by 150?
118
Calculate the remainder when 2532423 is divided by 316.
315
Calculate the remainder when 69422 is divided by 19.
15
What is the remainder when 9230 is divided by 215?
200
Calculate the remainder when 3524 is divided by 692.
64
Calculate the remainder when 47216 is divided by 366.
2
What is the remainder when 11945 is divided by 796?
5
Calculate the remainder when 125964 is divided by 663.
657
What is the remainder when 20275 is divided by 414?
403
Calculate the remainder when 628887 is divided by 43.
12
Calculate the remainder when 17392 is divided by 58.
50
What is the remainder when 202979 is divided by 225?
29
What is the remainder when 240027 is divided by 42?
39
Calculate the remainder when 701757 is divided by 204.
201
Calculate the remainder when 15286 is divided by 15277.
9
Calculate the remainder when 9860 is divided by 4902.
56
Calculate the remainder when 7380 is divided by 399.
198
Calculate the remainder when 54094 is divided by 184.
182
Calculate the remainder when 859 is divided by 600.
259
Calculate the remainder when 85337 is divided by 502.
499
What is the remainder when 9213 is divided by 3066?
15
What is the r